f (-2 - -3)/(n/o)?
3
What is the units digit of 434 - ((4 - -2) + (-24)/8)?
1
Let o(s) = s - 7. Let d(i) = -1. Let r(m) = 3*d(m) + o(m). Let t be r(10). Suppose t = f - 5 - 9. What is the units digit of f?
4
Let f(w) = -2*w + 5*w - 7*w + 3 + 3*w**2 - 4. Let u be f(3). Let i = u + 10. What is the units digit of i?
4
Suppose -3*k + 0*k - 24 = -2*d, -2*k - 32 = -4*d. Let r(p) = 5*p. Let g(o) = 4*o. Let w(m) = -6*g(m) + 5*r(m). What is the units digit of w(d)?
6
Let t = 44 - -8. Suppose -g + t = -11. What is the units digit of g?
3
Let a be (4/(-7))/(4/(-14)). Let u(y) = -y - 11*y**a + 14*y - 2*y**3 + 3*y**3. What is the tens digit of u(10)?
3
Let h(o) = 2*o**2 + o + 8. Let b be (-36)/14 + (-3)/7. What is the units digit of h(b)?
3
Suppose 71*o = 70*o + 3350. What is the units digit of o?
0
Let l(p) = -56*p + 37*p + 16 + 33*p. What is the hundreds digit of l(9)?
1
Let y(v) = -8*v + 3*v + 3*v**2 - 2*v**2 - 5 + 0. Let f be y(5). What is the tens digit of (5/(f/(-21)))/1?
2
Let t(f) = -f**3 + 10*f + 11. Let p = 40 - 45. What is the units digit of t(p)?
6
Let b(z) = z**2 + 5*z + 39. What is the hundreds digit of b(-23)?
4
Suppose -a + 496 = -4*u, -835 - 142 = -2*a + 3*u. What is the hundreds digit of a?
4
Let y be -10*((-12)/(-10) + -3). Suppose -x + d + 7 = 1, -5*d + y = x. What is the tens digit of 382/19 + x/(-76)?
2
Let c(z) = 18*z + 1. Let f(j) = -j**2 + 7*j + 5. Let b be f(7). Suppose 0 = 5*v - b - 0. What is the units digit of c(v)?
9
Suppose -5*b + 51 = -2*b. Suppose -g - 2*z = -b, 1 = -2*z + z. Let w = g + 2. What is the tens digit of w?
2
Let k = 3418 - 2050. Suppose 5*h + 1039 = 3*p, 0*p - k = -4*p - 2*h. Suppose -v = 6*v - p. What is the tens digit of v?
4
Let v = 4 - 7. What is the units digit of ((-102)/(-8))/(v/(-8))?
4
Suppose 5*o + 109 = -21. Let i = 34 + o. What is the units digit of i?
8
Let w(x) = 6*x**2 - 10*x. Let o be w(8). Suppose 11*z - o = 7*z. What is the units digit of z?
6
Let i = 2 + 1. Suppose 0 = -3*n + 2*u + 38 + 5, u - 37 = -i*n. What is the tens digit of n?
1
Let s(n) = 11*n**3 + n + 1. Let r be s(-1). Let c = 11 + r. Suppose -6*u + 3*u + 51 = c. What is the tens digit of u?
1
Let a = -248 + 732. What is the hundreds digit of a?
4
Let i be ((-36)/10)/(((-16)/(-10))/(-4)). Let f = i - -127. What is the tens digit of f?
3
Suppose -y + 62 = 20. Suppose -y = -4*k - 3*k. Let q(v) = 2*v - 1. What is the units digit of q(k)?
1
Let h be 93/33 + 2/11. Suppose -u + 25 = -5*o, 2*u + o = h*u - 33. What is the units digit of u?
5
Let a be 12/(-18) - 202/(-6). Let w be ((-11)/a)/(1/(-63)). Let y = 22 - w. What is the units digit of y?
1
Let o = 1943 - 1272. Suppose 0 = -13*n - 16 - 88. What is the tens digit of n/2*o/(-44)?
6
What is the tens digit of 1*129*(-24)/(-12)?
5
Let o(v) = -v - 16. Let p be o(-7). Let x = 12 + p. Suppose -3*h = x*b - 27, 2*h + h - 22 = -2*b. What is the units digit of b?
5
Let i = 3269 - 1843. What is the hundreds digit of i?
4
Let x(l) = 7*l**2 - 2*l - 2. Let d be 40/6*(-6)/(-4). Let v = 12 - d. What is the units digit of x(v)?
2
Let o = -95 + 262. What is the tens digit of o?
6
Let z(i) = 5*i**2 - 3*i**3 + 4*i**3 + 73 - 6*i**2. What is the tens digit of z(0)?
7
Let n be -4 + 1 - (-3 + -2). Suppose n*w + 3*w = 530. What is the units digit of w?
6
Suppose 930 + 38 = 4*t. Suppose 2 + t = 4*q. What is the tens digit of q?
6
Suppose -960 = 3*q - 9*q. Let c = 254 - q. What is the units digit of c?
4
Let v(d) = -6*d**3 - d**2 + 2*d. Let a(x) = -7*x**3 - x**2 + x. Let o(s) = -2*a(s) + 3*v(s). Let j be 2 + -5 + 0 + 1. What is the units digit of o(j)?
0
Suppose 2*g + 25 = 3*h, -3*g + 0*g - 21 = h. What is the tens digit of -2*(340/g + -1)?
8
Let l = 11 + -11. Suppose 29 = -k + 2*k + 3*u, k - 5*u - 61 = l. Suppose -2*s = 3 - k. What is the tens digit of s?
1
Let g be (-7 - -1)*4/(-6). Suppose m + g - 5 = 5*o, 2*m - 16 = -4*o. What is the tens digit of (-1 - -3) + 78/m?
1
Let x be ((-129)/9 + 0)*-3. Suppose 3*p + x = t, 0 = -2*t + 5*t - p - 121. Let n = -13 + t. What is the tens digit of n?
2
Suppose 0 = -163*n + 182*n - 33592. What is the hundreds digit of n?
7
Let l = -57 - -35. What is the units digit of ((-3062)/l - (-2)/(-11)) + 0?
9
Let c = 43 - 30. Let n = 41 - c. Let d = -9 + n. What is the units digit of d?
9
Let w = 18 + -15. Suppose -l + w*u = -27, l + 0*u = -u + 43. What is the tens digit of l?
3
Let v = 2137 - 31. What is the thousands digit of v?
2
Let h = 8 - 8. Suppose h*k = 2*k + 2, 0 = 5*r - k - 141. Suppose 3*g = 91 - r. What is the tens digit of g?
2
Suppose 0 = -2*l + 8, -1675 = -4*h - 3*l + 1105. What is the tens digit of h?
9
Let v(y) = -27*y - 6. Let d be (2/(-6))/(1*5/75). What is the hundreds digit of v(d)?
1
Suppose 3*p - 27 = -4*r + 83, 3*r + 2*p = 83. Suppose 33*z - 468 = r*z. What is the tens digit of z?
1
Suppose -f = z + 1355, -3*f + 4*z = 2*f + 6811. Let c be ((-2)/3)/(6/f). Suppose 5*m + 2*g = 6*g + c, -3*m - g + 94 = 0. What is the units digit of m?
1
Suppose -14*g + 13*g = -4, -2587 = -r - 2*g. What is the thousands digit of r?
2
Let h be 3405/75 + (-2)/5. Suppose 0 = 4*m + 4*c - 160, 3*m + h - 165 = 4*c. What is the units digit of m?
0
Let i = 2303 - 1059. What is the thousands digit of i?
1
Suppose -9 = -3*l + 6*l. Let b(m) = -6*m**3 + m + 6. What is the units digit of b(l)?
5
Let z = 316 + -196. Suppose 3*d - d - z = 0. Let v = -42 + d. What is the tens digit of v?
1
Let b(p) = p**2 + 14*p + 15. Let q be (-7 - -3)*(-4)/((-48)/45). What is the units digit of b(q)?
0
Let r(m) = 7*m - 49. Let a be r(11). Suppose 4*y = 6*y - a. What is the tens digit of y?
1
Let t(o) = 11*o - 14. Let g be t(4). Let f = g - 7. What is the tens digit of f?
2
Let i = -1 + 1. Suppose 20 - 53 = -11*l. Suppose 5*k + 3*v - 11 = i, 3*k + 4*v = v + l. What is the units digit of k?
4
What is the thousands digit of 1480 + (9/12)/((-11)/(-44))?
1
What is the hundreds digit of 1318 + ((-9)/6)/((-12)/(-8))?
3
Suppose 2*n - 486 = 5*n. Let r = n - -358. What is the hundreds digit of r?
1
Let q(i) = -3*i - 19. Let g be q(-12). Let k be g - (8/(-4) - -3). Suppose 2*s = s - 5*v + k, -5*s - 5*v + 60 = 0. What is the units digit of s?
1
Suppose 0 = 4*a - 16 - 0. Suppose 4*b + 23 = 4*g - 5, -a*g - 5*b + 19 = 0. What is the units digit of g?
6
Let n(w) be the second derivative of 3*w**5/10 - w**4/6 - w**3/6 - 5*w. What is the units digit of n(2)?
8
Let u(v) = 13*v**2 + 27*v + 8. What is the tens digit of u(11)?
7
Let i(y) = 161*y + 240. What is the thousands digit of i(24)?
4
Suppose 5*f + 2*t - 142 = 0, 0 = -0*f + 5*f - 3*t - 137. Let s = -15 + f. Let n = -7 + s. What is the units digit of n?
6
Let l(a) be the third derivative of 1/15*a**5 - 1/2*a**3 - 6*a**2 - 1/12*a**4 + 0 + 0*a. What is the units digit of l(-2)?
7
Let n = -822 + 1778. What is the units digit of n?
6
Suppose -t + 21 = 2*t. Suppose -t - 5 = -4*c. What is the units digit of ((-92)/8)/(c/(-6))?
3
Let l(j) = -j - 18. Let k be l(-20). Let h be ((-3)/6)/(k/28). What is the units digit of 24 + h/(21/9)?
1
Let l(j) = -j**3 + j**2 - 2*j + 1. Let k be l(1). What is the units digit of (k - -72) + (-3 - -4)?
2
Suppose 5*j + 4*g - 9260 = 0, -4*j - 4*g - 1524 + 8928 = 0. What is the hundreds digit of j?
8
Let p = 395 + -124. Suppose -50 - p = -3*w. What is the units digit of w?
7
Let t = 26 - 23. Suppose -4 = -t*z + 227. What is the tens digit of z?
7
Let b = -38 + 38. Suppose b = 8*j - j - 539. What is the tens digit of j?
7
Let n = -141 + 1004. What is the units digit of n?
3
Let n = 137 + -135. Suppose n*u + 2*p - 6*p = 320, 2*u + 4*p = 328. What is the units digit of u?
2
Let h be (0 - -1)/(-1 - 0). Let n be (-52)/(-16) - h/(-4). Suppose 0 = -t + u + 13, n*t + 3*u + 7 = 4*t. What is the units digit of t?
6
Let q(d) = 53*d**3 + 2*d**2 + 7*d - 28. What is the units digit of q(3)?
2
Suppose 3 + 7 = 2*d - 4*n, 2*d + n = 5. Let i be 2/d - (-2364)/18. What is the units digit of i/16 + (-6)/(-8)?
9
Suppose -26*i + 16*i = -2270. What is the tens digit of i?
2
Let j(o) = 10*o - 18. Let h be j(-14). Let u = 354 + h. What is the tens digit of u?
9
Suppose 0 = 5*d + 2*f - 794, -2*d + 3*f + 352 = 42. Let s = -310 - -219. Let g = s + d. What is the tens digit of g?
6
Let p = -14 - -18. What is the hundreds digit of (-18)/24 + 539/p?
1
Let g(h) = h + 12. Let x(p) = -p 